{"id":378,"date":"2018-01-19T16:14:58","date_gmt":"2018-01-19T15:14:58","guid":{"rendered":"http:\/\/www.microcosmo.fr\/?page_id=378"},"modified":"2025-12-15T13:09:26","modified_gmt":"2025-12-15T12:09:26","slug":"stockage","status":"publish","type":"page","link":"http:\/\/www.microcosmo.fr\/index.php\/stockage\/","title":{"rendered":"Stockage s\u00e9curis\u00e9"},"content":{"rendered":"\n<p class=\"has-large-font-size\"><strong>Stockage s\u00e9curis\u00e9<\/strong><\/p>\n\n\n\n<p>Micro Cosmo propose un service de stockage s\u00e9curis\u00e9 sur palettes, adapt\u00e9 aussi bien aux particuliers qu\u2019aux professionnels.<\/p>\n\n\n\n<p>Notre solution est con\u00e7ue pour les personnes et les entreprises qui souhaitent stocker des biens, du mat\u00e9riel ou des archives <strong>en toute s\u00e9curit\u00e9<\/strong>, sans acc\u00e8s libre, dans un espace professionnel contr\u00f4l\u00e9.<\/p>\n\n\n\n<p>Sur une surface d\u2019environ <strong>500 m\u00b2<\/strong>, nous stockons sur palettes :<\/p>\n\n\n\n<ul class=\"wp-block-list\">\n<li>des archives,<\/li>\n\n\n\n<li>du mat\u00e9riel professionnel,<\/li>\n\n\n\n<li>du mobilier,<\/li>\n\n\n\n<li>des cartons,<\/li>\n\n\n\n<li>des \u00e9quipements \u00e9lectroniques.<\/li>\n<\/ul>\n\n\n\n<hr class=\"wp-block-separator has-alpha-channel-opacity\"\/>\n\n\n\n<h3 class=\"wp-block-heading\">Le principe du stockage<\/h3>\n\n\n\n<p>Tous les biens confi\u00e9s sont :<\/p>\n\n\n\n<ul class=\"wp-block-list\">\n<li>mis sur palettes (fournies),<\/li>\n\n\n\n<li>film\u00e9s avec un plastique opaque,<\/li>\n\n\n\n<li>d\u00e9plac\u00e9s et stock\u00e9s par nos soins dans un espace s\u00e9curis\u00e9.<\/li>\n<\/ul>\n\n\n\n<p>Le stockage se fait <strong>sans acc\u00e8s libre au local<\/strong>, ce qui garantit un niveau de s\u00e9curit\u00e9 et de confidentialit\u00e9 \u00e9lev\u00e9.<\/p>\n\n\n\n<hr class=\"wp-block-separator has-alpha-channel-opacity\"\/>\n\n\n\n<h3 class=\"wp-block-heading\">S\u00e9curit\u00e9 &amp; conditions de stockage<\/h3>\n\n\n\n<ul class=\"wp-block-list\">\n<li>Local s\u00e9curis\u00e9<\/li>\n\n\n\n<li>Alarme<\/li>\n\n\n\n<li>Digicode<\/li>\n\n\n\n<li>Vid\u00e9o-surveillance<\/li>\n\n\n\n<li>Espace sec, sans humidit\u00e9<\/li>\n\n\n\n<li>Adapt\u00e9 au mobilier, au mat\u00e9riel \u00e9lectronique et aux archives papier<\/li>\n<\/ul>\n\n\n\n<p>L\u2019acc\u00e8s pour le d\u00e9p\u00f4t et la restitution se fait <strong>sur rendez-vous<\/strong>, via une cour accessible en camion.<\/p>\n\n\n\n<hr class=\"wp-block-separator has-alpha-channel-opacity\"\/>\n\n\n\n<h3 class=\"wp-block-heading\">\u00c0 qui s\u2019adresse ce service ?<\/h3>\n\n\n\n<p>\ud83d\udc49<a href=\"http:\/\/www.microcosmo.fr\/index.php\/stockage\/stockage-particuliers\/\" data-type=\"page\" data-id=\"378\"> <strong>Vous \u00eates un particulier<\/strong><\/a><br>Vous avez besoin de stocker temporairement des biens (d\u00e9m\u00e9nagement, travaux, manque de place).<\/p>\n\n\n\n<p>\ud83d\udc49 <strong><a href=\"http:\/\/www.microcosmo.fr\/index.php\/stockage\/archivage-professionnel\/\" data-type=\"link\" data-id=\"http:\/\/www.microcosmo.fr\/index.php\/stockage\/archivage-professionnel\/\">Vous \u00eates un professionnel<\/a><\/strong><br>Vous souhaitez externaliser des archives ou stocker du mat\u00e9riel dans un cadre s\u00e9curis\u00e9 et ma\u00eetris\u00e9.<\/p>\n\n\n\n<p>\u27a1\ufe0f Choisissez votre situation pour d\u00e9couvrir l\u2019offre adapt\u00e9e \u00e0 votre besoin.<\/p>\n\n\n\n<p><\/p>\n","protected":false},"excerpt":{"rendered":"<p>Stockage s\u00e9curis\u00e9 Micro Cosmo propose un service de stockage s\u00e9curis\u00e9 sur palettes, adapt\u00e9 aussi bien aux particuliers qu\u2019aux professionnels. Notre solution est con\u00e7ue pour les personnes et les entreprises qui souhaitent stocker des biens, du mat\u00e9riel ou des archives en toute s\u00e9curit\u00e9, sans acc\u00e8s libre, dans un espace professionnel contr\u00f4l\u00e9&#8230;.<\/p>\n","protected":false},"author":1,"featured_media":0,"parent":0,"menu_order":4,"comment_status":"closed","ping_status":"closed","template":"","meta":{"footnotes":""},"class_list":["post-378","page","type-page","status-publish","hentry"],"_links":{"self":[{"href":"http:\/\/www.microcosmo.fr\/index.php\/wp-json\/wp\/v2\/pages\/378","targetHints":{"allow":["GET"]}}],"collection":[{"href":"http:\/\/www.microcosmo.fr\/index.php\/wp-json\/wp\/v2\/pages"}],"about":[{"href":"http:\/\/www.microcosmo.fr\/index.php\/wp-json\/wp\/v2\/types\/page"}],"author":[{"embeddable":true,"href":"http:\/\/www.microcosmo.fr\/index.php\/wp-json\/wp\/v2\/users\/1"}],"replies":[{"embeddable":true,"href":"http:\/\/www.microcosmo.fr\/index.php\/wp-json\/wp\/v2\/comments?post=378"}],"version-history":[{"count":12,"href":"http:\/\/www.microcosmo.fr\/index.php\/wp-json\/wp\/v2\/pages\/378\/revisions"}],"predecessor-version":[{"id":891,"href":"http:\/\/www.microcosmo.fr\/index.php\/wp-json\/wp\/v2\/pages\/378\/revisions\/891"}],"wp:attachment":[{"href":"http:\/\/www.microcosmo.fr\/index.php\/wp-json\/wp\/v2\/media?parent=378"}],"curies":[{"name":"wp","href":"https:\/\/api.w.org\/{rel}","templated":true}]}}